 of g?
1
Let q = -15 + 44. What is the tens digit of q?
2
Suppose 0 = l - 4*l + 102. What is the tens digit of l?
3
Suppose 19 = 5*p - 1. Suppose p*i + 0*i = 96. What is the units digit of i?
4
Suppose 8*y - 4*y - j = 12, -8 = -y - j. Suppose -40 = -y*z + 36. What is the units digit of z?
9
Suppose -3*y = -5*y + 62. What is the units digit of y?
1
Let l = -13 + 17. Suppose 65 = l*h + 3*s, 2*h - 11 = h + s. What is the tens digit of h?
1
Suppose 3*t - 15 = 45. What is the tens digit of t?
2
Let t be 9/(-4) + (-1)/(-4). Let n(c) = c**2 + c. Let k be n(t). Suppose -k*o + 2 = -0*o. What is the units digit of o?
1
Let z(x) = -x**3 - 2*x**2 - 2*x + 1. Let b be z(-2). Suppose 3 - 47 = -4*a + 4*h, 3*a - b*h - 33 = 0. What is the units digit of a?
1
Let k = -105 + 157. What is the tens digit of k?
5
Let j(v) = 2*v**2 + 12*v - 11. What is the hundreds digit of j(7)?
1
Suppose 31 = -0*z + z. What is the tens digit of z?
3
Let l(w) = -w + 3 + 0*w - 4. Let o be l(-5). Suppose 3*p - 7 = -o. What is the units digit of p?
1
Let n = 9 - 5. Let t = 5 - n. What is the units digit of t?
1
Let j(p) = 39*p**2 + 4*p - 4. What is the hundreds digit of j(3)?
3
Suppose -x = 5*j - 116, -3*x = 4*j - 476 + 139. What is the hundreds digit of x?
1
What is the tens digit of -4 + 1 + 3 + 26?
2
Let o(v) = 5*v**2 + 1. Let y be o(2). Suppose 36 = -3*l - 0*l. Let f = l + y. What is the units digit of f?
9
Suppose -4*i = -11 + 3. Suppose 2*z = -5*c + 53, -i*c + 3*z + 11 + 14 = 0. What is the units digit of c?
1
Let l be (2*-2 + 1)*-1. Suppose 2*n + 8 = -0*q - 4*q, l*n = 4*q - 62. Let m = n + 26. What is the tens digit of m?
1
Let h = -85 + 145. Suppose 0*t = 5*t - h. What is the units digit of t?
2
Let u be (-1)/(-3) + 58/6. Let c(o) = -u*o - o**2 + 2*o + o + 9. What is the units digit of c(-8)?
1
Suppose x + 64 + 24 = -3*g, 110 = -4*g - 5*x. Let i = -19 - g. Suppose 0*w + 5*w = 2*y + 4, -y + i = 4*w. What is the units digit of y?
3
Suppose -2*x + 439 = 3*r - x, 168 = r - 4*x. What is the units digit of r?
8
Suppose 72 = -0*l + 4*l. Suppose 2*y + l = -y. What is the units digit of ((-2)/y)/((-3)/(-90))?
0
Let s(j) = j**3 + 11*j**2 - 11*j + 15. What is the units digit of s(-12)?
3
Suppose 2*k - 2*n = 68, -170 + 4 = -5*k + 4*n. What is the units digit of k?
0
Let g = -3 + 7. Suppose 26 = g*t + 2*l, -l + 23 - 2 = 4*t. What is the units digit of t?
4
Suppose 2*x + 4*x = 0. Let c = 1 - 2. Let y = x - c. What is the units digit of y?
1
Suppose 4*g = 2*y + 1070, 5*g = 4*y + y + 1345. What is the tens digit of g?
6
Let h(i) = -i**2 - 6*i + 12. What is the units digit of h(-6)?
2
Let w = -2 + 2. Suppose -n + 2*a = -8, -2*n + 5*n - 16 = 2*a. Let j = n + w. What is the units digit of j?
4
Suppose o - 70 = -2*h - 0*o, -2*h - 4*o = -82. Suppose 5*v + 0*p + 2*p - h = 0, 1 = -p. What is the units digit of v?
7
Let y(r) = r**3 + 4*r**2 - 5*r. Let n be y(-4). Suppose 0 = 2*a - 4*a + n. What is the units digit of a?
0
Suppose -q = q - 10, m - 52 = -4*q. What is the units digit of (-144)/m*(-8)/1?
6
Suppose -3*l - 2*l = -3*v - 24, 4*l = -4*v. Suppose -2 - 7 = -2*u + l*q, -5*q - 15 = -2*u. What is the units digit of (u + -6)*(-1)/3?
2
Let o be ((-8)/20)/(2/(-20)). Suppose 0 = 2*m, t - 2*m - o = 7. What is the units digit of t?
1
What is the tens digit of (-3 - 77/(-5))/((-3)/(-15))?
6
Let u = -4 + 4. Let l = u - -3. Suppose -v - 22 = -l*s + 1, 0 = -s - 3*v + 1. What is the units digit of s?
7
Suppose 8 = f - r, 0 = f + 2*r - 0 + 4. Let m = f - 8. Let u(q) = 2*q**2 + 5*q. What is the units digit of u(m)?
2
Suppose -376 + 76 = -4*m. What is the units digit of m?
5
Let g = 140 + -43. What is the units digit of g?
7
Let c = 31 + 24. What is the units digit of c?
5
Suppose 721 - 113 = 4*f. What is the hundreds digit of f?
1
Let p be 48 + (2 - -1) + -5. Let k = -32 + p. What is the tens digit of k?
1
Suppose 0 = 2*u - 73 - 55. What is the units digit of u?
4
Suppose 0 = -3*c + 2*v + 721, 0 = 4*c + 2*v - 0*v - 938. What is the hundreds digit of c?
2
Let w(h) be the third derivative of -h**4/24 + 5*h**3/6 + 6*h**2. What is the tens digit of w(-5)?
1
Let w(h) = 0 + 4 - h - 5. What is the units digit of w(-3)?
2
Let h be (-4)/6 - 220/(-33). Suppose -21 = -3*d + h. What is the units digit of d?
9
Suppose 4*i - 3*p - 14 + 2 = 0, 2*i - 20 = -2*p. Suppose 0 = i*k - k + 55. What is the units digit of (1 - 1) + -2 - k?
9
Let m(k) = -k**3 + k**2 + 3. Let u be m(0). Suppose -3*h - 17 = -5*q, 0*h - 11 = -u*q + 2*h. Let s = q + 0. What is the units digit of s?
1
Let u be 3/(1/((-6)/(-9))). What is the units digit of (u/4)/((-4)/(-24))?
3
What is the units digit of 66*(-1 + 1 + 1)?
6
Let s = -7 - -8. What is the units digit of (s/2)/(1/40)?
0
Let l(v) = v**3 + 9*v**2 - 10*v + 5. What is the units digit of l(-10)?
5
Let g(i) = i**2 + 2*i - 21. What is the units digit of g(9)?
8
Suppose -38 = -v - 0*v. What is the tens digit of v?
3
What is the units digit of ((-48)/10)/((-6)/160)?
8
Let h(r) = -8*r**3 - 3*r**2 + 4*r + 3. What is the units digit of h(-2)?
7
Let g(r) = -r**3 + 6*r**2 + 8*r - 4. Let k be g(7). Let y(j) = -j**3 - j**2 - j + 2. Let l be y(0). Suppose -k = -v - l. What is the units digit of v?
1
Let h be (-18)/(-4) + 2/(-4). Suppose -18 = h*k - 82. What is the tens digit of k?
1
Suppose 0 = -i - 5*x - 16, 0 = -0*i - 2*i - 5*x - 12. What is the tens digit of 32 - (-2)/(-8)*i?
3
Let x(f) = 3*f**3 + f**2 + f - 1. Let m be x(1). What is the units digit of (m/(-2))/((-5)/10)?
4
Suppose -21 = -2*v + 45. What is the tens digit of v?
3
Let g be (-1 - -2)/((-2)/(-4)). Let o be g/7 + 292/7. Suppose 4*j + 26 = 2*h, -5*j - 7 = -4*h + o. What is the units digit of h?
1
Let u = -3 - -9. Suppose 1 = u*t - 5*t. What is the units digit of t?
1
Let d(v) = v**2 + 7*v + 2. Let t be d(-6). Let q(b) = 8*b + 0*b**3 - b**2 + 7*b**2 + b**3 - 3*b. What is the units digit of q(t)?
2
Let g = 2 - -1. Suppose -4*w + 19 = 3*p - 7, -g*p + 3*w = -33. What is the units digit of p?
0
Suppose 0*p - 9*p = -828. What is the tens digit of p?
9
Suppose -4*q = -q - 6. Let l be (1 + -1)/(-2)*1. Suppose 0 = -q*r + 4 - l. What is the units digit of r?
2
Let v(o) = 7*o**3 - 5*o**2 - 4*o - 5. Let j(t) = t**3 - t**2 - t - 1. Let h = 3 - 4. Let b(r) = h*v(r) + 6*j(r). What is the units digit of b(-1)?
1
Let v be (-42)/(-10) + 2/(-10). Suppose 3*o - z + v*z = 27, -2*z - 6 = -o. What is the units digit of o?
8
Suppose -6 = -2*o + 2, 2*x = o + 2. Suppose -3*n + 4*n = 3*h, -3*n + 5*h + 8 = 0. Suppose -5*s + n = -0*b + x*b, -5*b = 4*s - 23. What is the units digit of b?
7
What is the units digit of 535/25 - 4/10?
1
Suppose 0 = i + 2, -2*t - 5*i - 150 = -7*t. Suppose -2*p + 12 = -t. What is the tens digit of p?
2
What is the tens digit of 355/17 + (-28)/(-238)?
2
Let n be (-1*1)/(1/3). Let m(q) be the third derivative of -q**5/60 - 5*q**4/24 - q**3/2 - 5*q**2. What is the units digit of m(n)?
3
Suppose 0 = -5*c + 20 - 0. Suppose -2*y = 5*z - 37, c*y + 34 = 2*z - 0*z. What is the units digit of z?
9
Suppose -6*a + 2*m = -2*a - 48, 6 = -3*m. Let f = 20 - a. What is the units digit of f?
9
Suppose -2*y - 10 = -5*k + 3, 0 = -5*y - k - 73. Let q be (1/2)/((-3)/150). Let z = y - q. What is the tens digit of z?
1
Suppose -x = -c + 421, 4*c - 1311 = -5*x + 355. What is the tens digit of c?
1
Suppose -2*h - 5*f + 3 = 0, 2*h - 33 = -h + 2*f. Let m = -5 + h. What is the units digit of m?
4
Let d(c) = c**2 + 10*c + 12. Let b be d(-9). Suppose 2*l = b*l - 2. Suppose 0 = -l*r - 2*r + 28. What is the units digit of r?
7
What is the tens digit of (-14)/(-21)*6/(-4)*-63?
6
Suppose 0 = -14*c + 7*c + 1190. What is the hundreds digit of c?
1
What is the hundreds digit of (-4170)/(-27) - (-60)/(-135)?
1
Let z = -4 + 2. What is the units digit of (-3 + 3)/z + 20?
0
Suppose -20 = -5*n - 0*n. Let f = 9 - n. What is the units digit of (6/f)/(18/60)?
4
Let v be ((-12)/(-8))/((-1)/2). Let p be (1 - v) + -2 + 4. Let z = p - 4. What is the units digit of z?
2
Suppose -3*w - 14 = -2*x + 7, -4*x + 50 = 2*w. Suppose 2*n + 4 - x = 0. What is the units digit of n?
4
What is the tens digit of (((-164)/(-8))/1)/((-3)/(-12))?
8
Let w = 49 - 20. What is the units digit of w?
9
Let f(j) = -j**2 + 11*j + 4. What is the tens digit of f(6)?
3
Let v = -1 + 1. Let n(c) = -8*c - 3. Let k(o) = -7*o - 3. 